 prime factors of r.
3, 7
Let z be 4/16*6*4. Let m = z + -1. Suppose 0*w = m*w - 35. List the prime factors of w.
7
Suppose 1 = 2*u - 5. Suppose h - 28 = -u*h. Let l(t) = t**3 - 7*t**2 + 2*t + 8. What are the prime factors of l(h)?
2, 11
Let b be 4*-5*(-2)/10. Suppose b*x = 3*x + 19. Suppose x*f - 16*f = 141. What are the prime factors of f?
47
Suppose -14*n = 754 - 11268. List the prime factors of n.
751
Suppose q - 5 = 0, -12*q + 1304 = h - 7*q. What are the prime factors of h?
1279
Suppose -2*n + 3*b = -5432, -10884 = 15*n - 19*n - 4*b. What are the prime factors of n?
2719
Let d be 14/(-21) - 605/(-3). Suppose -u - 3*c = -4*u + d, -5*c = -u + 59. What are the prime factors of u?
3, 23
Suppose 3*t + 8 = o, -4*o - 5*t + 14 = -1. Suppose -5*y - 79 = -s, o*y - 341 = -4*s - 0*y. List the prime factors of s.
2, 3, 7
Suppose 0*u = -2*u + 38. Suppose -u = -y - 7. Suppose -2*o = 2*o - y. What are the prime factors of o?
3
Let g(x) = -118*x - 12. Let n be g(-4). Let u = n - 200. What are the prime factors of u?
2, 5, 13
Let t be 12/63*-15*7/(-2). Suppose -t*v + 148 + 52 = 0. List the prime factors of v.
2, 5
Let c = 14 + -16. Let q be 0 + 0/c + 8. Let f = q - -3. What are the prime factors of f?
11
Suppose 0 = -2*r + 4*y + 16, -4*r - y + 1 = -4. What are the prime factors of (-184)/10*(-5)/r?
2, 23
Let h(x) = 4*x**2 + 2*x - 2. Let k be h(1). Suppose 0 = -4*t + k*n + 36, 17 = 3*t + n + n. Suppose 22 = 8*g - t*g. What are the prime factors of g?
2, 11
Let b(u) = -u**2 + 10*u + 5. Let t be b(10). Suppose 1 = -t*x - 14. Let y = x + 7. List the prime factors of y.
2
Let x(h) = 3*h**2 + 4*h - 12. Let y(m) = m**2 + m. Let v(l) = x(l) - 2*y(l). What are the prime factors of v(-11)?
3, 29
Suppose 25*r - 2 = 24*r. Suppose 26 = r*p - 98. List the prime factors of p.
2, 31
Let i = 174 - -169. List the prime factors of i.
7
Suppose 4*j + 4*l - 2460 = 0, 0 = -3*j - 5*l + 760 + 1081. List the prime factors of j.
617
Let g(u) = -12*u - 28 + 13 + 29. List the prime factors of g(-2).
2, 19
Suppose -4*d = -5*r - 140, 3*r + 68 = 2*d + r. Let v = 82 - d. What are the prime factors of v?
2, 13
Let g = 24 - 22. Suppose 5*k - g*k - 177 = 0. List the prime factors of k.
59
What are the prime factors of ((-63)/27 - -2)/((-1)/1074)?
2, 179
Let o(l) = l**2 - 4*l. Let n be o(5). Let v = n + -3. Suppose -4*f = -g + 12, -2*g - v*f = -38 - 26. What are the prime factors of g?
2, 7
Suppose 46*b - 51*b = -515. What are the prime factors of b?
103
Let o(u) = 2*u**2 - 2*u - 2. Let b(j) = -2*j + 18. Let w be b(8). List the prime factors of o(w).
2
Let b(m) = 81*m + 202. What are the prime factors of b(24)?
2, 29, 37
Let a be -1 - (0 - 1) - -5. Let z be (-33 - -32)/((-2)/10 + 0). Suppose -z*n = 4*u - 110, -a*u - 33 - 55 = -4*n. List the prime factors of n.
2, 11
Let p = 32 + 1386. What are the prime factors of p?
2, 709
Suppose 4*d - 17 = 3*d. Let r = -15 + d. Suppose -3*g + 235 = 4*f + 75, r*f - 104 = -2*g. What are the prime factors of g?
2, 3
Suppose 79*j - 75*j = 4. Let q(y) = -6*y + 13*y + 2 - 1. List the prime factors of q(j).
2
Let j = 7 + 9. Let b = -12 + j. Let x(c) = -c**2 + 4*c + 4. List the prime factors of x(b).
2
Let g = -1129 - -5398. What are the prime factors of g?
3, 1423
Suppose 6*m + 3*m = -54. Let k(n) be the first derivative of -n**4/4 - 2*n**3 - 4*n**2 - 8*n - 4. What are the prime factors of k(m)?
2, 5
Suppose 3*z = -436 - 92. Let u = 325 + z. List the prime factors of u.
149
Suppose -25*u = -33*u + 8544. What are the prime factors of u?
2, 3, 89
Let j(t) = 14*t + 2 - 14*t + 251*t. List the prime factors of j(1).
11, 23
Let k = -694 - -1200. List the prime factors of k.
2, 11, 23
What are the prime factors of (-531024)/(-1092) - 4/14?
2, 3
Suppose -2*u - 2*w = -2, -4*u + u = 5*w - 9. Let z be (-6)/(-8) - u/8. What are the prime factors of -12*(z - 19/4)?
3, 5
What are the prime factors of 29619/108 + 2/(-8*1)?
2, 137
Let r(l) = -3*l**3 - 24*l**2 - 8*l + 3. List the prime factors of r(-10).
683
Let n(i) = 160*i + 96. List the prime factors of n(4).
2, 23
Let a be (-3)/9*(-8 + 2). Suppose a*i - 25 = -5*c, i = 5*c - 2*c - 4. Suppose c*s - 5 = k + 45, -5*k = s - 38. List the prime factors of s.
2, 3
Let l = 431 + -240. Let f = l + -86. Suppose 18*b - 23*b + f = 0. List the prime factors of b.
3, 7
Suppose -10*u - 6 = -11*u. Let n(v) = 4*v**3 - 2*v + 0 + 2 + u*v**2 - 5*v**2. What are the prime factors of n(2)?
2, 17
Let b = 870 + -458. What are the prime factors of b?
2, 103
Suppose -5*z + 2*s + 2*s + 18 = 0, -z + 8 = -3*s. Let h = -13 - -23. Suppose u + z*b = 25, -6*b + b + h = -u. List the prime factors of u.
3, 5
Let m = -85 - -82. Suppose -3*w - 199 + 4 = 0. What are the prime factors of 1/(m - w/20)?
2
Suppose -4*a = -15 + 3. Suppose -6*i - 4*s = -4*i - 216, 309 = a*i + s. What are the prime factors of i?
2, 3, 17
Let u be -2 - 3 - (-713 - 1). Suppose 5*s - 659 = -4*w, w + 5*s + u = 5*w. List the prime factors of w.
3, 19
Suppose -2*a + 60 = -6*a. Let g = a + 17. Suppose 2*c + g*r - 70 = 0, -4*c - 3*r = -128 - 9. List the prime factors of c.
2
Let c be -1 - (-2 - (-1 + 3)). Let t be 2052/(-24)*4/c. What are the prime factors of (t/24)/(1/(-8))?
2, 19
Let a(h) = 636*h**2 + 36*h + 65. What are the prime factors of a(-2)?
43, 59
Suppose -927 - 513 = -6*i. What are the prime factors of i?
2, 3, 5
Let q(i) = 2*i - 14. Let z be q(13). List the prime factors of (-189)/(-18)*(0 - (2 - z)).
3, 5, 7
Let h = -52 - -49. Let p(l) = -5*l**3 - 2*l**2 + 2*l + 4. What are the prime factors of p(h)?
5, 23
Let o be 0/((1/1)/(-5 - -6)). Suppose -3*q + 5*q - 152 = o. What are the prime factors of q?
2, 19
Let f(p) = -25*p. Suppose -3*u - 40 = -10. Let v(q) = q**3 + 9*q**2 - 9*q + 9. Let o be v(u). What are the prime factors of f(o)?
5
Let l(b) = 3*b - 9. Let k be l(7). Let h be 193/(-13) + k/(-78). Let o = h - -18. List the prime factors of o.
3
Let q(r) = -26*r + 16. Let x be q(-8). What are the prime factors of x/(-12)*18/(-4)?
2, 3, 7
Let h(i) be the third derivative of -1/120*i**6 - 1/6*i**3 - 7*i**2 + 0 + 0*i**4 + 0*i - 1/30*i**5. What are the prime factors of h(-3)?
2
Let w = 1179 + -838. Let n(m) = m**3 - 4*m**2 - 3*m - 4. Let a be n(3). What are the prime factors of (-2)/(-4) - w/a?
2
Suppose 37 = -y + 486. List the prime factors of y.
449
What are the prime factors of (-231 + -19)*41/(-2)?
5, 41
What are the prime factors of (-7848)/(-112) + (-5)/70?
2, 5, 7
Let w(z) = -z**2 + 7*z + 54. Let x be w(13). What are the prime factors of 2 + x/15 - (-2838)/30?
5, 19
Let u(p) = 2*p**3 - 8*p**2 + 9*p - 30. What are the prime factors of u(10)?
2, 3, 5, 7
Suppose -i - 177 = 2*i - 3*d, i - 4*d = -59. Suppose 0 = s - 49 - 58. Let h = s + i. What are the prime factors of h?
2, 3
Let c(y) = -2*y**2 - 19*y + 8. Let o be c(-12). Let q = o - -195. What are the prime factors of q?
11, 13
Let d be (3 - (3 + 3/(-4)))*-212. Let h = -24 - d. What are the prime factors of h?
3, 5
Suppose -7*d + 721 = -4*d + b, -2*d - 3*b + 483 = 0. List the prime factors of d.
2, 3, 5
Suppose -5*p - k - 6 = -31, p + 2*k + 4 = 0. Let t = 45 - 27. List the prime factors of (p/t)/(2/96).
2
Let t be 3 + 20/(-8)*2. Let o be (4/(-8))/(t/(-40)). What are the prime factors of (24/o)/(4/(-50))?
2, 3, 5
Suppose 5*x + 10 = -5*d, 2*x + 2 = -3*d + x. Suppose d*i = 3*i + 24. Let a(j) = j**3 + 10*j**2 + 12*j. What are the prime factors of a(i)?
2
Let u = 44 + -39. Suppose -4 = -4*o + 16. Suppose -u*h + 50 = -o*m, 2*m - 1 = -2*h + 3. List the prime factors of h.
2, 3
Let r = -3896 + 9168. List the prime factors of r.
2, 659
Let t(w) = 170*w - 18. What are the prime factors of t(4)?
2, 331
Let q be 46/11 + (-4)/22. Suppose -2*a + 77 = -y + 2*y, -5*a - 321 = -q*y. What are the prime factors of y?
79
Suppose 3*c = -2*l - 14, -l + 0*l + 5 = 0. Let o = -2 - c. Suppose 3*k + 0 = o. What are the prime factors of k?
2
Suppose 3*x - 37 = -5*b - 0*x, b - 3*x + 7 = 0. Suppose 294 = b*u - 236. What are the prime factors of u?
2, 53
Suppose 3*g + 5*m - 218 = -50, 4*g + 5*m = 224. What are the prime factors of (6/21)/(1/g)?
2
Let s(j) = 4*j**2 + 4*j - 3. Suppose 0*p = -3*p + 15, 3*m = -4*p + 29. Let h be s(m). Let y = 63 - h. List the prime factors of y.
2, 3
Suppose -60*z + 68*z - 22976 = 0. What are the prime factors of z?
2, 359
Let f 